Is 89809 a prime number?
True
Is 55951 composite?
True
Is 4535 prime?
False
Is 282377 composite?
False
Is 196843 prime?
False
Is 199102 a composite number?
True
Is 22141 prime?
False
Is 62845 prime?
False
Is 6953 a composite number?
True
Is 222853 composite?
True
Is 524143 a composite number?
True
Is 4073 composite?
False
Is 392321 prime?
True
Is 1191251 prime?
False
Is 1451303 a prime number?
False
Is 78559 composite?
True
Is 32569 prime?
True
Is 39661 a prime number?
False
Is 3953 composite?
True
Is 2530666 prime?
False
Is 27717 composite?
True
Is 8659 prime?
False
Is 1213 prime?
True
Is 9767 a composite number?
False
Is 706 prime?
False
Is 23243 prime?
False
Is 3011 a prime number?
True
Is 2761 a prime number?
False
Is 222923 prime?
False
Is 47051 prime?
True
Is 14969 a prime number?
True
Is 100039 a composite number?
True
Is 8939 composite?
True
Is 18899 composite?
False
Is 3557 a prime number?
True
Is 7363 prime?
False
Is 138277 a composite number?
True
Is 81799 a prime number?
True
Is 38431 composite?
False
Is 1253617 a prime number?
False
Is 118127 composite?
False
Is 3061 a composite number?
False
Is 138973 a prime number?
False
Is 184922 prime?
False
Is 716129 a prime number?
False
Is 6637 a prime number?
True
Is 53239 composite?
False
Is 3593 a prime number?
True
Is 73429 a composite number?
True
Is 1592639 a composite number?
False
Is 181463 a composite number?
True
Is 7121 composite?
False
Is 1219 prime?
False
Is 13829 composite?
False
Is 103387 composite?
False
Is 270473 a prime number?
False
Is 6541 a composite number?
True
Is 82129 a prime number?
True
Is 15013 composite?
False
Is 780953 a prime number?
True
Is 18041 a prime number?
True
Is 681143 a prime number?
False
Is 1630159 a prime number?
True
Is 6999 a composite number?
True
Is 16529 a composite number?
False
Is 198241 prime?
True
Is 76621 a composite number?
True
Is 127453 prime?
True
Is 12653 prime?
True
Is 85081 composite?
False
Is 594703 composite?
True
Is 7541 prime?
True
Is 1556623 a composite number?
False
Is 261223 a prime number?
True
Is 37678 prime?
False
Is 744431 composite?
False
Is 53 a composite number?
False
Is 98801 composite?
False
Is 276161 a prime number?
False
Is 768161 a composite number?
False
Is 6085 composite?
True
Is 253133 composite?
False
Is 276557 a composite number?
False
Is 13443 prime?
False
Is 216343 a prime number?
False
Is 14285 a prime number?
False
Is 55907 a composite number?
True
Is 33739 a prime number?
True
Is 159 prime?
False
Is 486295 composite?
True
Is 79333 a prime number?
True
Is 239803 a prime number?
True
Is 5051 a prime number?
True
Is 18773 a prime number?
True
Is 8923 prime?
True
Is 302399 composite?
False
Is 123103 prime?
False
Is 2377741 a composite number?
False
Is 661513 composite?
False
Is 196319 a prime number?
False
Is 128795 composite?
True
Is 21911 a composite number?
False
Is 54251 a prime number?
True
Is 13829 a prime number?
True
Is 473417 a composite number?
True
Is 1459 a prime number?
True
Is 153191 a composite number?
False
Is 12242 a prime number?
False
Is 87893 a composite number?
True
Is 117581 a prime number?
False
Is 174569 a prime number?
True
Is 393038 a composite number?
True
Is 1330997 composite?
False
Is 44329 prime?
False
Is 4049 a prime number?
True
Is 359 composite?
False
Is 14179 a composite number?
True
Is 5669 composite?
False
Is 118023 prime?
False
Is 6227 prime?
False
Is 16183 a composite number?
False
Is 7477 prime?
True
Is 11311 composite?
False
Is 163109 a prime number?
True
Is 5207 prime?
False
Is 8503 a prime number?
False
Is 12813 a composite number?
True
Is 12981 a prime number?
False
Is 172509 a composite number?
True
Is 15511 a composite number?
False
Is 202966 a prime number?
False
Is 1731 prime?
False
Is 802 composite?
True
Is 1060051 a composite number?
False
Is 3295 composite?
True
Is 58321 prime?
True
Is 17291 a composite number?
False
Is 799759 a composite number?
False
Is 20663 a prime number?
True
Is 26449 prime?
True
Is 91753 prime?
True
Is 24879 prime?
False
Is 9601 composite?
False
Is 185727 composite?
True
Is 10499 composite?
False
Is 71747 a composite number?
True
Is 1706 prime?
False
Is 159 prime?
False
Is 10727 a composite number?
True
Is 23431 composite?
False
Is 1075391 prime?
True
Is 15073 prime?
True
Is 8204789 composite?
True
Is 1310477 prime?
False
Is 92059 a prime number?
False
Is 5731 prime?
False
Is 380317 a prime number?
False
Is 2579 composite?
False
Is 54751 a composite number?
False
Is 177407 a composite number?
True
Is 22583 a prime number?
False
Is 921 prime?
False
Is 198397 prime?
True
Is 15055 a prime number?
False
Is 151273 a composite number?
False
Is 28879 composite?
False
Is 136487 composite?
True
Is 3188803 a composite number?
False
Is 2179 a composite number?
False
Is 11411 a composite number?
False
Is 25301 a prime number?
True
Is 2521 prime?
True
Is 4829 a composite number?
True
Is 3217 composite?
False
Is 40997 prime?
False
Is 1171921 a composite number?
False
Is 1499 a prime number?
True
Is 772951 composite?
True
Is 73819 composite?
False
Is 1061 a prime number?
True
Is 22343 composite?
False
Is 1011 composite?
True
Is 1511 a composite number?
False
Is 1345051 composite?
False
Is 420419 a composite number?
False
Is 11549 a prime number?
True
Is 766397 prime?
False
Is 40423 a prime number?
True
Is 5539 a composite number?
True
Is 7069 prime?
True
Is 517 a composite number?
True
Is 88031 a composite number?
True
Is 715783 prime?
False
Is 629449 composite?
False
Is 116947 prime?
False
Is 218501 prime?
False
Is 761302 a composite number?
True
Is 36229 a prime number?
True
Is 669187 a prime number?
False
Is 1792849 a prime number?
True
Is 378019 composite?
False
Is 172127 composite?
False
Is 72305 composite?
True
Is 19563 composite?
True
Is 19531 a prime number?
True
Is 18197 a prime number?
False
Is 11377 prime?
False
Is 2141497 composite?
False
Is 2903 a composite number?
False
Is 3022 composite?
True
Is 56851 a composite number?
True
Is 65789 a prime number?
True
Is 36689 a composite number?
True
Is 130199 a prime number?
True
Is 644899 a composite number?
False
Is 41117 prime?
True
Is 29471 prime?
False
Is 29361 a prime number?
False
Is 4201 a prime number?
True
Is 358031 a prime number?
True
Is 12013 composite?
True
Is 9974 composite?
True
Is 141761 a composite number?
False
Is 25391 a composite number?
False
Is 458677 composite?
True
Is 120453 a composite number?
True
Is 20353 a prime number?
True
Is 657893 prime?
True
Is 1043177 a composite number?
False
Is 17239 composite?
False
Is 510547 a prime number?
False
Is 88631 prime?
False
Is 25127 a prime number?
True
Is 65213 prime?
True
Is 88147 a composite number?
True
Is 593899 a prime number?
True
Is 31469 a composite number?
False
Is 485417 composite?
False
Is 1082 a composite number?
True
Is 13379 composite?
True
Is 10195 composite?
True
Is 131531 composite?
True
Is 877 composite?
False
Is 60833 a composite number?
True
Is 53513 a composite number?
True
Is 157 prime?
True
Is 79961 prime?
False
Is 9029 composite?
False
Is 247319 prime?
False
Is 20546 a prime number?
False
Is 2867379 a composite number?
True
Is 8941 prime?
True
Is 107999 prime?
True
Is 23399 composite?
False
Is 13897 a composite number?
True
Is 2122 a composite number?
True
Is 574259 a composite number?
True
Is 22871 composite?
False
Is 243461 composite?
False
Is 12373 prime?
True
Is 103009 prime?
False
Is 27509 a prime number?
True
Is 16639 a prime number?
False
Is 1751 prime?
False
Is 253 a composite number?
True
Is 242078 prime?
False
Is 103633 prime?
False
Is 52489 prime?
True
Is 102293 a composite number?
False
Is 20017 prime?
False
Is 283937 prime?
True
Is 288947 prime?
True
Is 1234 prime?
False
Is 298679 composite?
False
Is 376879 a prime number?
False
Is 982381 prime?
True
Is 4819 a prime number?
False
Is 323 composite?
True
Is 336437 prime?
True
Is 511259 a prime number?
False
Is 37207 a composite number?
True
Is 65771 a prime number?
False
Is 565427 composite?
False
Is 1125467 prime?
False
Is 9409 prime?
False
Is 19999 composite?
True
Is 77305 composite?
True
Is 11899 a prime number?
False
Is 3443171 a prime number?
True
Is 9517 a composite number?
True
Is 30781 a prime number?
True
Is 2998081 a prime numb